ber?
True
Is 5033768959 a composite number?
False
Is 4641255046 composite?
True
Is 136324249 a prime number?
True
Is 4588833043 prime?
False
Is 1721202629 prime?
False
Is 21163764103 a composite number?
True
Is 32124467183 a prime number?
True
Is 697812443 a prime number?
True
Is 27384458317 a composite number?
False
Is 13023699869 a composite number?
True
Is 792143921 prime?
True
Is 1311947779 a prime number?
False
Is 120419373377 a composite number?
True
Is 24453086083 prime?
False
Is 651800899 a prime number?
True
Is 136299073 composite?
False
Is 8442761827 prime?
True
Is 519222817 a composite number?
True
Is 3031875137 a prime number?
True
Is 28034344301 a composite number?
True
Is 1244800619 a composite number?
True
Is 11722915331 composite?
True
Is 32576831249 composite?
True
Is 8071948901 a prime number?
False
Is 5211288353 prime?
True
Is 11468458147 a prime number?
False
Is 3223187983 a prime number?
True
Is 63227403209 composite?
False
Is 1380473 prime?
False
Is 3909374981 composite?
True
Is 8486581 prime?
True
Is 21117382501 prime?
False
Is 56035547 composite?
False
Is 6621180347 a prime number?
True
Is 1127687485 a composite number?
True
Is 176193421 composite?
True
Is 815410987 composite?
True
Is 8919359165 a composite number?
True
Is 3740139541 composite?
True
Is 1960476251 prime?
True
Is 837666191 composite?
False
Is 72882737903 a prime number?
True
Is 378452981 a prime number?
False
Is 62302283 composite?
True
Is 154408357 prime?
True
Is 20199284461 a composite number?
False
Is 1897505747 a composite number?
False
Is 26741135867 composite?
False
Is 2164204943 a composite number?
False
Is 1125583409 a prime number?
False
Is 209039921 a prime number?
True
Is 56823329 a prime number?
False
Is 2154217019 composite?
True
Is 2535768827 prime?
False
Is 30685560143 prime?
False
Is 4941843503 prime?
False
Is 1635901523 a prime number?
True
Is 322245121 composite?
True
Is 26727122687 a prime number?
False
Is 172523986361 a composite number?
True
Is 379307119 prime?
False
Is 46708489799 composite?
True
Is 31271470051 a prime number?
True
Is 2361160955 prime?
False
Is 11770473593 prime?
True
Is 7806880357 a composite number?
False
Is 7135988161 prime?
True
Is 47395267631 a prime number?
False
Is 5355331781 a composite number?
True
Is 23317450201 prime?
True
Is 161242563617 composite?
False
Is 28402632337 composite?
False
Is 33416813 a composite number?
False
Is 500076763 composite?
False
Is 164885641 a composite number?
True
Is 185651387 a prime number?
True
Is 3445337449 composite?
True
Is 14883923897 composite?
False
Is 2965529519 a composite number?
True
Is 2441541931 a prime number?
False
Is 727559669 a prime number?
True
Is 13819659566 prime?
False
Is 4705686337 composite?
True
Is 1183966213 prime?
False
Is 4190254157 prime?
False
Is 15470940539 a prime number?
True
Is 1475909563 prime?
False
Is 4862890327 a composite number?
False
Is 57115392259 prime?
True
Is 809736919 composite?
True
Is 21182563163 a composite number?
True
Is 1893092657 a prime number?
True
Is 640804529 a composite number?
False
Is 44343984983 prime?
True
Is 780316429 composite?
False
Is 34930148515 a prime number?
False
Is 268681158415 prime?
False
Is 348511459 a prime number?
True
Is 1825822351 composite?
False
Is 15750954629 a composite number?
False
Is 6237623009 a composite number?
False
Is 109594739 composite?
False
Is 19193749 prime?
False
Is 1187422057 prime?
True
Is 1237771133 prime?
False
Is 90670553 a composite number?
False
Is 3294051149 a composite number?
True
Is 5829633263 a composite number?
False
Is 7022653867 a prime number?
True
Is 285422899 a prime number?
False
Is 35849995273 a composite number?
False
Is 176376844867 composite?
False
Is 949076587 prime?
False
Is 1028346923 a prime number?
True
Is 41170815317 a composite number?
True
Is 30483250789 prime?
False
Is 4621088867 composite?
True
Is 1425588443 prime?
False
Is 7680155537 composite?
False
Is 21237899 prime?
True
Is 15200118363 composite?
True
Is 5781573289 composite?
True
Is 1976111717 a composite number?
False
Is 26719363367 a prime number?
True
Is 179350307 a composite number?
False
Is 182613884261 a composite number?
True
Is 3309591569 prime?
False
Is 17039571749 a prime number?
False
Is 2630217199 a prime number?
False
Is 718259063 prime?
False
Is 1500054394 composite?
True
Is 2991597239 composite?
False
Is 14789789029 a composite number?
False
Is 81712317551 composite?
True
Is 19321799173 a composite number?
True
Is 260905919371 prime?
False
Is 3768656249 a prime number?
False
Is 268506833 composite?
True
Is 123132199087 composite?
False
Is 33222965753 prime?
True
Is 20494365211 a prime number?
False
Is 9723413801 a composite number?
False
Is 771294491 prime?
False
Is 57600050387 prime?
False
Is 107311161689 a composite number?
False
Is 4690135039 a composite number?
False
Is 5678823869 prime?
False
Is 243848441 prime?
False
Is 1692350417 a composite number?
False
Is 216367297 a composite number?
False
Is 3073892483 a composite number?
False
Is 33187414223 composite?
False
Is 58388253421 composite?
True
Is 485594482 prime?
False
Is 198832793591 a prime number?
False
Is 28009811 a prime number?
False
Is 2583379507 composite?
False
Is 322877171 a prime number?
False
Is 338702293 prime?
True
Is 141861817847 a prime number?
True
Is 13778236931 composite?
False
Is 5018223647 composite?
False
Is 1654720103 a composite number?
False
Is 8893469609 composite?
False
Is 62781176723 a prime number?
False
Is 52306565917 a prime number?
True
Is 786389341 a prime number?
True
Is 109622220173 a prime number?
False
Is 437445961 composite?
False
Is 11805691813 composite?
True
Is 23220032857 a prime number?
False
Is 34701527 a prime number?
False
Is 1834807607 a prime number?
True
Is 417400327 a prime number?
True
Is 237297763 composite?
True
Is 735456583 a prime number?
False
Is 118550749 prime?
True
Is 137001641086 prime?
False
Is 16703866859 prime?
True
Is 459918457 a composite number?
False
Is 16243054291 a prime number?
True
Is 35228227 composite?
False
Is 330858823613 a composite number?
False
Is 9836501353 a prime number?
False
Is 336334816331 composite?
False
Is 9990401 a prime number?
False
Is 13666150297 composite?
False
Is 2315487301 prime?
True
Is 6785136777 composite?
True
Is 1035068917 prime?
True
Is 10359233435 a composite number?
True
Is 9161364617 a prime number?
False
Is 149528921 composite?
False
Is 66225514787 composite?
True
Is 1484271199 prime?
True
Is 904008367 composite?
False
Is 31060987339 a prime number?
False
Is 2446595243 composite?
False
Is 11499964139 a prime number?
False
Is 4312699987 a composite number?
True
Is 62419755637 composite?
True
Is 31021297214 prime?
False
Is 17383044989 a composite number?
False
Is 222800681 a composite number?
False
Is 56711499989 composite?
True
Is 11452154531 a prime number?
True
Is 3104935651 prime?
False
Is 607172269 composite?
True
Is 123609523 prime?
False
Is 244880707 a composite number?
True
Is 79153123619 a composite number?
False
Is 34556729 prime?
True
Is 13504763 composite?
True
Is 11076137845 a prime number?
False
Is 1293939323 a composite number?
False
Is 6369321131 a prime number?
True
Is 52880466293 prime?
True
Is 3928729843 a prime number?
False
Is 1106579099 a composite number?
True
Is 257114821 a prime number?
False
Is 27957716681 a prime number?
False
Is 244730371 composite?
False
Is 1476014369 a prime number?
True
Is 2991678787 a prime number?
True
Is 30779901553 composite?
True
Is 2289425503 composite?
True
Is 436733929 composite?
True
Is 13823746481 prime?
True
Is 238491680869 a prime number?
False
Is 19387658027 a prime number?
False
Is 104875877 composite?
True
Is 1429043683 prime?
True
Is 25592663797 composite?
True
Is 2254774591 a composite number?
False
Is 116864004331 prime?
True
Is 48175311551 prime?
True
Is 22986872347 a prime number?
False
Is 1268444533 a composite number?
True
Is 1627392667 a prime number?
True
Is 1695298603 prime?
True
Is 4553179531 composite?
False
Is 22224318899 a composite number?
True
Is 48162737699 composite?
True
Is 40723558949 prime?
True
Is 14128864837 a prime number?
True
Is 1644809011 a prime number?
True
Is 6077675627 a prime number?
False
Is 12806144141 a prime number?
Fal